et n(r) = -2*r**2 - 8*r + 3. Let z be n(-4). Suppose z*w = -2*w - 40. Calculate o(w).
-4
Let u(r) = -4*r + 20*r - 6*r - 2 - 6*r + 3. Give u(6).
25
Let l(z) = 9*z + 13. Let u(x) = 8*x + 12. Let c(n) = -6*l(n) + 7*u(n). Let o be 1*(-5 + 2 - 4). Let v be o/2 - ((-6)/(-4))/1. What is c(v)?
-4
Suppose 4*a - 2*a = 2. Let g(t) = -1 - a - 3 + t**2 + 7 - 6*t. Let d = 18 + -15. What is g(d)?
-7
Let y(o) = 3*o - 437*o**2 + 438*o**2 - 11*o. Give y(8).
0
Suppose -16 - 8 = -3*j. Let a = 10 - j. Let b(o) = 0*o - o**a - 12*o - 6 + 6*o. Give b(-4).
2
Let f = -986 + 1003. Let n(t) = -3*t + 44. Determine n(f).
-7
Let p(s) = -1 + 5 - 3 - 65*s + 64*s. What is p(7)?
-6
Let m be 7/(2*(-4)/(-8)). Suppose 4*r = -0*r - i + 16, m = -3*r + 4*i. Let x(t) = -1. Let k(w) = 2*w - 6. Let n(y) = r*x(y) - k(y). Determine n(5).
-7
Let v(r) be the first derivative of -r**4/4 - 2*r**3/3 + r**2/2 + 9*r - 252. Calculate v(0).
9
Let p(o) = -107 + 3*o - 89 + 196. Let g(k) = 2*k**2 - 2*k - 3. Let t be g(3). Suppose -h - t = 2*h. Give p(h).
-9
Suppose 5*w + 22 = 4*w + 5*k, -w + 3*k - 12 = 0. Let l(r) = 5*r + 3*r - 9*r - 18 - 2*r. Let h(x) = 1. Let j(z) = 18*h(z) + l(z). Determine j(w).
-9
Let f(x) = x - 4. Suppose 3*g - 16 = 4*s, -8 = -0*g - 2*g + 2*s. Suppose -3*b = -g*b. What is f(b)?
-4
Let q(y) be the third derivative of y**6/144 + y**5/40 + 7*y**4/24 + 16*y**2. Let d(n) be the second derivative of q(n). Determine d(-2).
-7
Suppose -a + 9 = 2*a. Suppose 7*m - 3 = 6*m. Let d(i) = 1 + 2*i + 0*i**m - 4*i**2 + i**3 + i**2. What is d(a)?
7
Let l(f) = f**3 - f**2 + f - 1. Let x(u) = -u**3 - 14*u**2 - 1. Let p be x(-14). Let y(s) = 4*s**2 + 6*s - 6. Let h(o) = p*l(o) + y(o). Calculate h(6).
-11
Let x(s) = -4*s + 5*s + 3*s - 7 - 5*s. Give x(-3).
-4
Let w(d) = -7*d**3 + 2*d + 1. Let a(t) = t**3 + 6*t**2 + 4*t - 6. Let m = -17 + 12. Let i be a(m). Determine w(i).
6
Let v(y) = -y**3 + 3*y**2 - 4*y + 2. Let j be 2 + (-3)/(-9)*15 + -5. Calculate v(j).
-2
Let c(f) = f**2 - 1. Let n(x) = -4*x**2 + 4*x + 2. Let v(t) = 3*c(t) + n(t). Let m(w) = w**3 - 3*w**2 - w - 7. Let p be m(4). What is v(p)?
-6
Let z(n) = -5*n**2 + 7*n - 2. Let w(u) = -3*u**2 + 2*u**2 - 3*u + 4*u. Let t(j) = 6*w(j) - z(j). Give t(-2).
0
Suppose -3278 + 3152 = 14*o. Let r(w) = w**3 + 10*w**2 + 8*w - 1. Calculate r(o).
8
Let r(c) = c. Let a be r(-6). Let t(w) = 11*w**3 - 13*w**2 + 2*w - 4. Let j(v) = -14*v**3 + 15*v**2 - v + 5. Let f(i) = 4*j(i) + 5*t(i). Calculate f(a).
0
Let r(d) = d**3 - 2 + 2*d**2 - 2 + 42*d - 41*d. Let t be (-5)/10*8 - -1. Determine r(t).
-16
Let s(d) = -d + 3. Let m be (1 - (2 + 0))*0. Suppose m = 6*k - 5*k. Suppose k = 2*z - 3*z - 3. Determine s(z).
6
Let h(s) be the third derivative of s**4/24 - 2*s**3/3 - s**2. Suppose -4*n = 287 + 233. Let b = 136 + n. Give h(b).
2
Let d(b) = -94*b - 49. Let f(c) = 78*c + 49. Let g(s) = 5*d(s) + 6*f(s). What is g(21)?
7
Let f(n) = n**2 - 12*n - 17. Suppose 3*x + 4*x - 84 = 0. What is f(x)?
-17
Let b(u) = u**2 - 7*u - 3. Let h be (-9)/(-6)*(-30)/(-5). Let c be ((-11)/3 + 2)/((-3)/h). Give b(c).
-13
Let f(v) = -v + 4. Let g(h) = 4*h**2 - 3*h + 7. Let n(m) = -2*f(m) + g(m). Calculate n(-1).
4
Suppose 17*b = 13*b + 20. Suppose -4*g + 8 = -4*y, -b*y = -3*g - g + 3. Let m(i) = -17*i + i**2 - i**3 + 17*i + g. Give m(0).
7
Let i(n) = 1 - n - 8 - 1 + 7. What is i(-2)?
1
Let g(m) = m**2 - 12*m + 15. Let p be g(2). Suppose 0 = 5*w - 5 - 25. Let f(o) = w*o + 3 + 1 + 0*o**3 + o**3 + 6*o**2. What is f(p)?
-1
Let c(u) = -13*u - 9 - 2 + u + 3 + 10*u**2. Let w(j) = -j**2 + j + 1. Let o(x) = -c(x) - 8*w(x). Let a be (-2)/(-3) + 7/3. What is o(a)?
-6
Let n(i) be the third derivative of 0*i - 7/24*i**4 + i**3 + 1/60*i**5 + 9*i**2 + 0. Give n(5).
-4
Let g(x) be the second derivative of 1/2*x**2 - 7/20*x**5 + 0 - 1/6*x**3 + 2*x + 1/12*x**4. Determine g(1).
-6
Let n(j) = -2*j**2 + 2*j - 4. Let z(h) be the second derivative of -h**3/6 + 6*h. Let y(r) = n(r) - 3*z(r). Determine y(3).
-7
Let p(c) = -2*c**2 - 11*c - 3. Let t(y) = -2*y**2 - 10*y. Let w(h) = -2*p(h) + 3*t(h). Let k be 2/3 - (-20)/(-3). Calculate w(k).
-18
Let i be 4*(-1 - (-9)/6). Let j be (-5)/(10/(-4)) + i. Let r(h) = -2*h - 2. Let q(z) = 10*z + 10. Let u(o) = -3*q(o) - 16*r(o). Calculate u(j).
10
Let c = -125 - -120. Let m(s) be the third derivative of s**4/8 + s**3/2 + 4*s**2. Determine m(c).
-12
Let h be (-10)/15 - -1 - 1/3. Suppose 5 = -5*f + 25, -2*z + 2*f - 14 = h. Let j(v) = -v**2 - 3*v + 3. Determine j(z).
3
Let w(o) be the first derivative of -o**3/3 + 9*o**2/2 + 3*o - 5. Let k = 68 - 59. What is w(k)?
3
Suppose 4*c + 0*c - 8 = 0. Suppose u - c = -0*u. Let w(t) = -4 + t**2 - 6*t**u + 7*t + 6*t**2 + 0*t**2. Calculate w(-7).
-4
Let a(s) be the third derivative of s**4/12 + s**3/6 + s**2. Let n(m) = m**2 + m - 3. Let t be ((9/6)/(6/(-16)))/(-2). Let o be n(t). Determine a(o).
7
Let q(j) = -j**3 - 2*j**2 + 5*j + 5. Suppose 4*i + 10 = -2*g, -2*g + g - 9 = 3*i. Calculate q(i).
17
Let i(z) = -3*z + 5. Let f(m) = -m**2 - 7*m + 23. Let q be f(-9). Give i(q).
-10
Suppose 2 = -7*x - 19. Let z(n) = -3*n + 0 - 5 + 0*n. Let a be z(x). Let b(t) = -t**3 + 5*t**2 - 6*t + 3. Calculate b(a).
-5
Let l(m) = -m**3 + 7*m**2 - 5*m - 1. Suppose -5*j = 5*s + 5, -2*j + 110*s + 33 = 105*s. Calculate l(j).
27
Suppose 0 = 2*z - 3*v + v + 8, -10 = -2*v. Let h(c) = 8*c - c**3 + 4*c**2 - z + 0 - 3 - 1. Determine h(5).
10
Suppose -15 = 3*a - 30, 0 = 3*q + 5*a + 8. Let m(f) = f**2 + 12*f + 2. Determine m(q).
-9
Let o = 67 - 74. Let j(m) = -20*m - 21. Let d(w) = -6*w - 7. Let a(q) = o*d(q) + 2*j(q). What is a(5)?
17
Let v(z) = -z**3 - 3*z**2 + 2*z + 1. Let r = -11 - -31. Suppose -9*x + r = -5*x. Suppose -5*u + x = 20. What is v(u)?
-5
Let p(z) = -z**2 + 33*z - 67. Let m be p(31). Let n(y) = -y**2 - 7*y - 3. Let g(k) = -k - 1. Let b(w) = -2*g(w) + n(w). Give b(m).
-1
Let x(o) = -o + 5. Suppose -3 = -4*c + 13, -3*w + 313 = c. Let n = w + -93. Calculate x(n).
-5
Let h(n) be the first derivative of n**2/2 - n + 152. Determine h(-8).
-9
Let v(m) = 1 - 4 - 12*m - 17*m + 31*m. Suppose -4*f - 1 = 31. Determine v(f).
-19
Suppose -32*w = -35*w - 18. Let l(p) = -4*p - 3. What is l(w)?
21
Let v = -281 - -285. Let f(c) be the third derivative of 0*c + 6*c**2 - 1/60*c**5 + 0 - 1/8*c**v + 1/6*c**3. What is f(-3)?
1
Let i be (-36)/(-27)*3/2. Let h(k) = 16 - 2*k**2 - 18 + 0*k**3 + k**i + k**3. Determine h(2).
2
Suppose -4*b = 5*c - b - 3, -4*b - 16 = 0. Let k(m) = 2*m - m - c*m - 6. Determine k(-8).
10
Let x(r) = -r**3 + r**2 + r - 1. Let l be x(2). Let v(y) = 1499 + 10*y - 7*y - 1497. Give v(l).
-7
Suppose -3*i + 3*q = -9, -43*i + 5*q = -40*i - 13. Let o(a) be the first derivative of -5*a**4/2 + a**3/3 - a**2/2 + 3. Give o(i).
-10
Let o(f) = 3*f - 9. Suppose -4*z = 13 + 19. Let i(g) = 9*g - 26. Let w(q) = z*o(q) + 3*i(q). Let c = 140 - 136. What is w(c)?
6
Let i(r) = -r + 2. Suppose -3*n + 5*n = -2. Let j be (-3 - 0)/3 - n - -3. What is i(j)?
-1
Let n(q) = -2*q**3 - 9*q**2 - 23*q. Let z(s) = -s**3 - 4*s**2 - 10*s. Let w(j) = -4*n(j) + 9*z(j). Give w(1).
1
Let h(p) = p + 9. Suppose 7*b + 136 = 52. Let i be h(b). Let f(l) be the first derivative of l**4/4 + 5*l**3/3 + 2*l**2 + 4*l + 1. Determine f(i).
10
Let m(n) = -2*n**2 + n + 3. Let o = -132 + 136. Calculate m(o).
-25
Let t(a) = -a**2 - a + 6. Let r(p) = p**3 + 3*p**2 + p + 3. Let w(l) = 2*l + 21. Let n be w(-12). Let i be r(n). Determine t(i).
6
Suppose 3 = 3*j - 3. Let d(g) = -3 + 0*g**2 - 7*g - 3*g**2 + 2*g**j. Let s = 175 + -181. Calculate d(s).
3
Let a(q) = 12*q - 414*q**2 - 1 + 413*q**2 + 1 - 14. Give a(10).
6
Let r(h) be the second derivative of h**5/20 + h**4/3 - 17*h**3/3 - 5*h**2 + 2*h - 127. Give r(-8).
6
Let a(l) = -l**2 - 7*l + 1. Let x(m) = -2*m**2 + 6*m - 6. Let g be x(3). What is a(g)?
7
Let j(h) be the second derivative of -h**5/20 - h**4/3 - h**3/6 - 7*h. Let a be (11/(-4))/(13/52). Let c = a - -8. Determine j(c).
-6
Let d be -1 + (0/(-10) - -2). Let c(p) be the second derivative of -5*p**3/6 + p**2/2 - p. Calculate c(d).
-4
Let a(f) = -10*f**2 + 18*f. Let b be a(2). Let t(i) = -i**3 - 3*i**2 + 6*i + 2. Calculate t(b).
-6
Let v(j) be the third derivative of j**4/6 + j**3/6 + 81*j**2. Determine v(-3).
-11
Let a = 867 - 867. Let h(x) be the second derivative of -1/6*x**3 - 3/2*x**2 - 4*x + a. Give h(3